ghest common divisor of 21261 and 117495?
1119
Calculate the greatest common factor of 13161 and 123.
123
What is the greatest common divisor of 116 and 763454?
58
What is the greatest common factor of 2440 and 3760?
40
Calculate the highest common divisor of 8 and 44348.
4
What is the highest common factor of 35840 and 1708?
28
Calculate the greatest common factor of 3924 and 423.
9
What is the greatest common factor of 140 and 80780?
140
What is the highest common divisor of 100492 and 2328?
388
What is the greatest common factor of 5 and 24515?
5
What is the highest common divisor of 67221 and 1428?
21
What is the highest common divisor of 454578 and 478?
478
Calculate the highest common factor of 38540 and 60680.
820
What is the greatest common divisor of 6194 and 180614?
38
Calculate the greatest common factor of 2070886 and 38.
38
Calculate the highest common divisor of 29 and 617091.
29
Calculate the greatest common factor of 22077 and 29997.
99
Calculate the greatest common divisor of 1430 and 25630.
110
What is the greatest common factor of 209121 and 462?
33
Calculate the greatest common divisor of 385330 and 880.
110
What is the highest common divisor of 7153 and 2024?
23
Calculate the greatest common divisor of 30880 and 2000.
80
Calculate the highest common divisor of 4952 and 3152.
8
Calculate the greatest common factor of 2516 and 166944.
148
What is the greatest common divisor of 1265979 and 3405?
681
What is the greatest common factor of 91060 and 1099?
157
What is the highest common factor of 14269122 and 1134?
1134
What is the greatest common divisor of 24790 and 270?
10
What is the greatest common divisor of 1788 and 864?
12
What is the highest common factor of 33735 and 135?
15
Calculate the greatest common factor of 524 and 172.
4
Calculate the greatest common factor of 8 and 252160.
8
What is the highest common factor of 1407 and 562197?
201
What is the greatest common factor of 1406712 and 24?
24
What is the greatest common factor of 1040 and 370448?
208
Calculate the highest common factor of 153857 and 308.
11
What is the highest common factor of 5049 and 102?
51
Calculate the greatest common divisor of 60 and 310740.
60
Calculate the highest common factor of 20328 and 44.
44
Calculate the greatest common factor of 1188460 and 30.
10
Calculate the highest common divisor of 101 and 124937.
101
What is the highest common factor of 405 and 11205?
135
Calculate the greatest common factor of 6 and 219822.
6
What is the greatest common factor of 256 and 170784?
32
What is the highest common factor of 2173 and 12546?
41
Calculate the greatest common divisor of 12 and 59804.
4
Calculate the highest common divisor of 996 and 1212.
12
What is the highest common factor of 1174 and 456?
2
Calculate the highest common factor of 226613 and 38.
19
What is the highest common divisor of 87783 and 87?
87
What is the greatest common divisor of 1437027 and 7752?
969
Calculate the highest common factor of 408 and 171354.
6
Calculate the greatest common factor of 14 and 4072.
2
Calculate the greatest common factor of 4 and 2188976.
4
Calculate the greatest common divisor of 356 and 388.
4
Calculate the greatest common factor of 5726 and 210.
14
What is the highest common factor of 83988 and 828?
36
What is the highest common factor of 186 and 133269?
93
Calculate the greatest common divisor of 456 and 15888.
24
What is the greatest common factor of 182 and 5362?
14
What is the greatest common factor of 4362 and 750?
6
Calculate the highest common factor of 743211 and 63.
63
Calculate the highest common factor of 90 and 1810.
10
What is the highest common factor of 7389 and 2074667?
821
What is the greatest common divisor of 209329 and 1765?
353
Calculate the highest common divisor of 97 and 11258111.
97
Calculate the greatest common divisor of 107402 and 1494.
166
Calculate the highest common factor of 341718 and 27634.
674
What is the highest common divisor of 275 and 1441?
11
What is the highest common factor of 318 and 732990?
318
What is the highest common factor of 2134 and 18?
2
What is the highest common factor of 622 and 68?
2
What is the highest common divisor of 20 and 20940?
20
What is the greatest common factor of 3840 and 1650?
30
Calculate the greatest common divisor of 2191 and 35.
7
Calculate the highest common divisor of 35874 and 198.
18
What is the highest common divisor of 12 and 29648004?
12
What is the greatest common factor of 11596 and 3328?
52
What is the highest common divisor of 1360700 and 1925?
275
Calculate the greatest common divisor of 78 and 7462.
26
Calculate the greatest common divisor of 197415 and 522.
9
What is the highest common divisor of 2286 and 27?
9
What is the highest common factor of 90 and 111330?
90
Calculate the greatest common factor of 272823 and 32325.
1293
What is the greatest common factor of 114 and 230982?
6
Calculate the greatest common divisor of 40975 and 550.
275
Calculate the greatest common factor of 120 and 69525.
15
Calculate the highest common factor of 300 and 161796.
12
What is the greatest common divisor of 14742 and 26286?
78
What is the greatest common factor of 683856 and 60?
12
What is the greatest common divisor of 197508 and 4?
4
What is the greatest common divisor of 162 and 4581?
9
Calculate the greatest common divisor of 5048 and 345157.
631
Calculate the highest common divisor of 48 and 16164.
12
Calculate the greatest common factor of 8071 and 21.
7
Calculate the highest common divisor of 5216 and 1696.
32
What is the greatest common factor of 1115 and 10765?
5
Calculate the greatest common divisor of 166747 and 3157.
287
What is the greatest common factor of 2 and 116822?
2
Calculate the highest common divisor of 64568 and 77.
7
What is the greatest common factor of 1280 and 5240?
40
What is the greatest common divisor of 442 and 6838?
26
What is the greatest common factor of 710 and 2420106?
142
What is the greatest common divisor of 584596 and 34?
34
What is the highest common factor of 126 and 2826?
18
Calculate the highest common factor of 432 and 2282544.
144
What is the highest common factor of 104 and 95732?
52
Calculate the highest common factor of 72 and 1976.
8
What is the highest common factor of 42417 and 3?
3
Calculate the greatest common factor of 341 and 10788.
31
Calculate the greatest common factor of 3259 and 155.
1
What is the greatest common divisor of 107155 and 20692?
739
What is the greatest common divisor of 1844172 and 33?
33
What is the greatest common divisor of 55917 and 436?
109
What is the highest common divisor of 2367158 and 2?
2
Calculate the highest common divisor of 2805 and 2023.
17
Calculate the greatest common divisor of 208 and 20423.
13
Calculate the greatest common divisor of 1524088 and 236.
236
Calculate the highest common divisor of 311992 and 2.
2
What is the greatest common factor of 2910 and 9894?
582
Calculate the greatest common divisor of 375 and 3072.
3
What is the greatest common divisor of 5828462 and 74?
74
What is the highest common divisor of 5234203 and 13?
13
Calculate the greatest common factor of 2098 and 4.
2
What is the greatest common divisor of 3741453 and 9?
9
Calculate the greatest common factor of 3551 and 2597.
53
What is the greatest common divisor of 126 and 307170?
18
Calculate the highest common divisor of 385 and 125180.
55
What is the highest common divisor of 1267224 and 57?
57
Calculate the highest common divisor of 29 and 30131.
29
What is the highest common factor of 1764 and 3073?
7
Calculate the highest common divisor of 3 and 21958.
1
What is the highest common divisor of 198 and 26763?
33
Calculate the highest common divisor of 196283 and 1186.
593
What is the highest common factor of 4208 and 1096?
8
What is the greatest common factor of 1140 and 852?
12
What is the greatest common divisor of 144329 and 232927?
1429
What is the greatest common divisor of 1482 and 52?
26
What is the highest common divisor of 50561 and 38212?
233
What is the greatest common factor of 174 and 144420?
174
What is the highest common divisor of 40369 and 146?
73
Calculate the highest common factor of 2318 and 8018.
38
What is the highest common factor of 38 and 9819314?
38
Calculate the greatest co